.
-13
Calculate -13 - ((-8 - 14) + 13).
-4
Evaluate (-12 - -13) + -16 - (-3 + 0).
-12
Evaluate (10 + -30 - -14) + 10.
4
What is -16 + -12 + 28 - 2?
-2
What is -1 + 6 + -12 + 7 + -5 + 5?
0
What is the value of 24 - 19 - (1 + 10 - 4)?
-2
What is -5 + 4 - (-61 + 65)?
-5
Evaluate 63 + 48 + -108 + -10 + 2.
-5
Calculate 8 - (8 - 13 - -6).
7
(6 - (5 + -7) - -9) + (-2 - 4)
11
0 - 26 - (826 + -843)
-9
Evaluate (31 - 23) + (1 - -15) - -3.
27
Calculate 6 - (-1 - 8 - -23).
-8
What is the value of -6 - (-6 + 16 - 24) - 17?
-9
-6 - (6 - 8 - 10 - 3)
9
Evaluate -32 + (4 - 4) + (10 - -6) + -7.
-23
Evaluate (388 - 414) + (0 - 1 - (-1 - 0)).
-26
Evaluate (-3 - -5) + 3 + (-16 - -21).
10
Calculate -9 - -14 - 3 - -10.
12
Calculate -42 + 29 + (14 - (2 + 1)) + 4.
2
Calculate -2 + (1 + 6 - -7).
12
What is 0 - 0 - (8 - (-22 - -21))?
-9
What is the value of 8 - (5 + -3) - (-4 - 1)?
11
What is (-11 - -16) + (-1 - 6)?
-2
Evaluate 36 - (-3 + -5 + 18 + -6).
32
Evaluate -42 - (-5 - 13) - -18.
-6
11 + -3 + (-3 - -3) + -6 + 10
12
(-24 - -6 - 1) + 5 - 4
-18
Calculate -4 - (29 + -4 + -15).
-14
Evaluate -8 + -5 + 9 + -2 + -4.
-10
Evaluate (-2 - (-12 - -3)) + -6.
1
Evaluate (13 - 8) + (0 - 1).
4
What is (59 + -36 - 28) + 44?
39
What is the value of 3 - (2 + (30 - 58) + 0 + 10)?
19
What is the value of -2 + (-102 - -109 - (1 + 30)) - -6?
-20
-1 + -12 + (7 - 8 - -7)
-7
What is the value of (-39 - -18) + -7 + -1 + 0 + 6?
-23
(-6 - -11) + -5 + 8
8
-3 + 32 - (-4 + -8 - (-14 + 1))
28
Calculate 3 + 2 + -1 - (-2 + -7) - 2.
11
Evaluate -1 - (-11 - (1 + -4 + -10)).
-3
Evaluate -2 - ((-26 - -27) + (-5 - 3)).
5
-19 - (-5 + (11 - 28) - -11)
-8
What is the value of (-2 + 4 - 21) + -1135 + 1153?
-1
2 + 2 - (-8 + 16 + (-9 - 3))
8
What is (-7 - -10) + 18 + -17?
4
Calculate -30 + 17 + (-5 - 3 - -5).
-16
Calculate 13 + -3 + (1 - (4 - (-1 + 7))).
13
Calculate 9 - (-4 - (-1 - ((-3 - -1) + 5))).
9
Calculate (0 - 7) + -5 + -6 + 4.
-14
Calculate (7 - (-10 - -16)) + -5 - -10.
6
What is (34 - 18) + -1 + (-6 - -1)?
10
What is the value of 0 + -6 + 1 - ((0 - 4) + -1)?
0
Evaluate -2 + (2 - -16 - 2) - (40 + -46).
20
Calculate 24 + 13 + -67 - -28.
-2
Evaluate 17 + (10 - (10 + 20 - 8)).
5
Evaluate -3 + 3 + (-17 + 11 - 8).
-14
What is (-30 - 1) + (3644 - 3644)?
-31
What is the value of 3 - (5 + (22 - 8 - (-6 + 15)))?
-7
What is the value of -18 + (7 + 0 - -13) + -10?
-8
Evaluate (17 - 21) + 9 + -16.
-11
Calculate 0 + -3 + 3 + -2 + (6 - -13).
17
What is the value of -34 - (20 - (109 + -37))?
18
What is (-1 - (-8 - -14 - 5)) + -12?
-14
Evaluate -1 - (-3 + 3 + -6) - 15.
-10
What is 5 + -6 - (-5 + 7 - (-6 - 0))?
-9
Evaluate -1 + (-3 - (-4 + 5) - (1 - 1)).
-5
What is (16 + -14 - 6) + 13?
9
Calculate 30 - (0 + 16 - -25).
-11
Evaluate 10 - 1 - (-7 + -12 + 28).
0
Evaluate -14 + (35 - 31) - (2 + (2 - 3)).
-11
Evaluate -21 - (-2 + 3) - (-99 - -97).
-20
What is 4 - ((122 - 133) + (21 - -1))?
-7
What is 12 + (-30 - (35 + -35))?
-18
What is the value of -42 + 52 + -11 - (0 - (0 + 1))?
0
What is (-13 - -2) + -11 + 26?
4
What is the value of -8 + -13 + 6 + 8 + -7?
-14
Calculate 4 - 12 - (-1 - 12).
5
What is the value of 11 - ((25 - 17) + 4)?
-1
What is the value of -10 - (3 - ((6 - 0) + -23 + 24))?
-6
What is the value of 6 - -1 - (-7 + 6 + (-4 - -4))?
8
What is -12 - ((8 - 16) + 12 + -4)?
-12
Evaluate -24 + (23 + -8 - -6).
-3
Evaluate (-2 + 10 - 11) + -13 - -5.
-11
What is -15 + 11 + -8 + 23?
11
What is the value of -3 + 1 + -151 + 141?
-12
Calculate -1 - -2 - -3 - (-57 - -84) - 9.
-32
Calculate 12 - (7 - -3) - (-1 + 3 + 6).
-6
Evaluate 16 - ((-6 - -11) + 8).
3
-19 + (-15 - -39) - -14
19
What is the value of 7 - (-17 + 7 - -10) - (22 + -1)?
-14
What is (0 - -3) + (5 + -3 - -1 - 4)?
2
Calculate 16 - (12 - (-17 - (-23 - -17))).
-7
Evaluate -19 + (40 - (-33 - -80)).
-26
-2 + 9 + -5 - (0 + -6)
8
(0 - -4) + (6 + (-5 - -7) - 18)
-6
-16 - (-14 + -3 + 14)
-13
Calculate 38 - (9 - (-1 - -9 - (6 - 8))).
39
What is 10 + 13 + -21 - 7?
-5
What is (2 - -2) + (-14 - 3) - -23?
10
-5 + (7 + 2 + -3 - -11)
12
Evaluate -1 - (-5 - 3 - (0 - 2)).
5
What is (-562 - -532) + 15 + 0?
-15
(-22 - (2 - 11)) + (-25 - -27)
-11
Calculate -98 + 71 + (14 - 1).
-14
Calculate 3 - 6 - (-199 - -215).
-19
What is 9 - (-1 + (7 - (4 + -7)))?
0
Calculate -8 - (-17 + (12 - 14 - (-5 + -6))).
0
What is 0 - (-11 - -19 - 5)?
-3
What is the value of 3 - (74 + -81 + 0 + 1 - -9)?
0
Evaluate (4 + -9 - -5) + 3 + 0.
3
What is 22 + (0 - (-14 - -25)) + 11?
22
-1 - (7 + -9 + -12) - 12
1
Calculate -1 + -9 - ((-12 - 0) + 61 + -46).
-13
Calculate -29 + 20 - -8 - 10.
-11
-17 + -4 + 11 + 7
-3
What is the value of -4 - (-15 - -7) - 23?
-19
-25 - (-10 + 16 + -23)
-8
What is 35 - 56 - ((-8 - -3 - 0) + -1)?
-15
Evaluate (-2 + (8 - 9) - 5) + 2.
-6
Calculate (1 - -5) + -68 + 44 - (-2 - -7).
-23
What is (24 - (9 - -5)) + -15?
-5
What is (-8 - -10 - (3 - -1)) + 9 + 1?
8
What is 7 + (-1 - 3 - (76 - 88)) + 2?
17
(16 - 48) + 55 - (1 - 3)
25
Calculate -14 - ((29 - (16 - 1)) + -2).
-26
What is the value of ((-9 - -22) + -9 - 0) + -16?
-12
Evaluate (93 - 128) + 10 + 9.
-16
What is the value of 84 + -87 - (-14 - (-2 - -1))?
10
Evaluate 8 + -13 - (-1 + -5 + -8 + -3).
12
What is -3 - (16 - 10) - -1 - 1?
-9
Calculate 9 + -11 + (7 + -1 - 11).
-7
Evaluate -1 + (-10 + 13 - 0) - -10.
12
What is the value of -81 + 95 + (-47 - -12)?
-21
Calculate -20 + -4 + (5 - 7) + -1 + 0.
-27
Calculate (-8 + -14 + 27 - -1) + -12 + 1.
-5
Calculate -4 + 11 + -3 + 10 + 3.
17
Calculate -34 - (4 + -1 + (67 - 75) - 4).
-25
Evaluate -5 + (-7 - -14) + -2 - 12.
-12
7 - (2 + -9 - (-2 + (-5 - -4)))
11
Evaluate -3 + 3 - (-24 + 22).
2
Evaluate 2 + 0 - (-2 + -2) - (-738 + 743).
1
What is (2 - (-7 + 17)) + (2 - -2)?
-4
What is (0 - (-2 + 17)) + 23?
8
What is 12 - (2 + -4) - ((-7 - -16) + -7)?
12
-11 + (-53 - -51) + -2 + 0 + -3
-18
Evaluate -6 + 16 + 0 + -32 + 4.
-18
What is the value of 0 - -9 - (-15 + -1 + 52) - -8?
-19
What is -4 + 19 + -58 + 36?
-7
Calculate (2 - 2) + 2 + 6 - 5 - -3.
6
What is 18 + (-1 + 6 - 19)?
4
Calculate 1 + (-16 - -3 - -24).
12
2 - (-12 + 3 - -8 - (7 + -1))
9
What is the value of 2 - 12 - (-4 - (-9 - (-1 - 5)))?
-9
What is (569 + -576 - (-25 + -1 + 0)) + -5?
14
Calculate (12 - ((0 - (5 + -6)) + 6)) + -14.
-9
What is 0 - 3 - (-25 + 25 + 0)?
-3
Evaluate 3 + (1 - 8) + 1 + 5.
2
Calculate 11 + (-10 + 14 - 4).
11
What is 1 - (3 - (0 - -5 - (-27 - -24)))?
6
Evaluate 1 - (-17 - -7) - ((1 - 6) + 3).
13
-29 - (20 - 33 - 16)
0
-8 - (-388 + 420 + (-16 - -1))
-25
Evaluate -11 - -6 - (7 + -11 + 4).
-5
What is 4 + (-9 - -5) - ((4 - 1) + 5)?
-8
Evaluate 6 + 7 + -6 - 2 - 0.
5
What is (11 - -4) + -7 + -1?
7
What is -15 - 1 - (570 - 581)?
-5
16 + (12 + 4 - 54 - 6)
-28
Evaluate -52 - (9 + (-10 - 17) - 0).
-34
Calculate -27 - (-2 + -21) - (-1 + -7 - -1).
3
What is the value of 15 + 7 + 14 + -16?
20
What is 6 + (-19 + 2 - (12 + -18)) - -3?
-2
-2 + 10 + (-98 - -100)
10
Calculate -1 + -8 + 8 - (0 - -11).
-12
Calculate -72 + 48 + (-12 - (3 + 0)).
-39
Evaluate -23 + (10 - (11 + -13)).
-11
What is the value of 6 - (3 - (8 + -14) - 18 - -25)?
-10
12 + (-17 - (-11 - -9))
-3
What is the value of 28 + -29 - (-9 + 7 - (-1 + -5))?
-5
Evaluate 1 + 5 + -2 - (-11 - (-2 + -12)).
1
What is the value of -25 + (17 - (2 - -3)) - (-6 + -1)?
-6
-15 - (-15 + (-8 - -11))
-3
Evaluate (-3 - -30) + 452 + -454.
25
0 + 5 + -2 - (-4 + 2 + -2)
7
Evaluate -17 + 11 + -21 + 5.
-22
What is 4 - (-16 - (10 - (-7 + 22)))?
15
What is 1 + -2 - (19 + -7)?
-13
Evaluate 3 + (8 - (-3 - (-5 - (-5 - -1)))).
13
Calculate 1 - -34 - (21 - (-18 + 37 + -9)).
24
Evaluate -2 + (1 - 4) + 2 + -6 + 13.
4
Calculate (9 - 2) + -13 - (1 - -2).
-9
What is 21 - -10 - (1 - (-11 + 2))?
21
Evaluate -11 - (25 - (79 + -27)).
16
-19 + 17 + -6 - (-2 + 8)
-14
2 + -45 + 4 + (14 - -5 - 12)
-32
-273 + 274 - (4 + -27)
24
Evaluate 25 + -14 + (0 - 0).
11
What is the value of (198 - 218) + -8 + 13?
-15
Evaluate (-13 - -6 - -1) + -26 + 39.
7
Calculate (1 - 0) + -41 + 68 + -25.
3
What is the value of (3 - 0) + 0 + (5 - (-5 + 5))?
8
What is the value of (-2 - 7) + 8 - -8 - (-7 - -2)?
12
10 + 3 + 6 + -19 + 5
5
Calculate -2 - (2 + -3 + -2 + 8 + -12).
5
Evaluate (69 - 83) + -15 + -1.
-30
What is (-1 - -1) + -75 + 101?
26
3 - (-8 + 3 + -14 + 8)
14
What is the value of -3 + -1 + -3 - (-9 - -6 - -11)?
-15
What is th